2. Give m(1).
-782
Let c(f) = 64*f**2 - 12069*f - 29592. Give c(191).
13
Let r(b) = 2*b**2 + 640*b - 3703. Give r(6).
209
Let r(q) = q**3 + 22*q**2 + 177*q - 134. Give r(-13).
-914
Let s(n) = 2*n**3 - 601*n**2 - 6536*n + 1528. Determine s(311).
-27
Let u(t) = -t**2 + 93*t + 24409. Give u(207).
811
Let m(f) = 3947*f - 27578. Calculate m(7).
51
Let b(s) = -125*s**2 + 1269*s - 1229. Determine b(9).
67
Let u(m) = 2210*m**3 + 12*m**2 + 26*m + 12. Calculate u(-1).
-2212
Let j(a) = -1319*a**3 - 932534*a**2 - 701*a + 4244. Calculate j(-707).
2
Let f(p) = -1894*p + 307307. Determine f(162).
479
Let n(x) = 2*x**3 - 1219*x**2 - 3060*x - 146. Determine n(612).
-146
Let k(n) = 2224*n - 32757. What is k(15)?
603
Let i(q) = 2502*q - 300245. Calculate i(120).
-5
Let q(r) = 1282*r**2 - 14101*r - 13. Determine q(11).
-2
Let f(u) = -14783*u + 1330461. Determine f(90).
-9
Let g(d) = 12*d**3 - 51*d**2 - 97*d + 32. Determine g(-2).
-74
Let z(a) = a**2 + 499*a + 2997. Give z(-6).
39
Let c(x) = -648*x**2 - 1343*x - 35. Give c(-2).
59
Let l(b) = -9340*b - 46766. What is l(-5)?
-66
Let c(t) = -2*t**3 - 46*t**2 + 22*t + 280. Give c(-25).
2230
Let m(o) = 2*o**3 + 10*o**2 + 261*o + 975. Determine m(-4).
-37
Let w(s) = 141*s**2 + 1335*s + 1328. Give w(-1).
134
Let t(x) = -2*x**3 - 63*x**2 + 34*x + 1865. Determine t(-31).
-150
Let x(n) = -n**2 + 686*n - 18554. Give x(27).
-761
Let t(o) = -o**2 - 32276*o - 129071. What is t(-4)?
17
Let d(i) = -1403*i**3 - i**2 - 7*i - 4. Calculate d(-1).
1405
Let j(y) = -y**3 - 105*y**2 + 415*y + 149. What is j(-109)?
2438
Let o(u) = -2310*u - 6939. Give o(-3).
-9
Let h(v) = -468*v - 2372. Calculate h(-6).
436
Let o(k) = -6099*k + 18269. Calculate o(3).
-28
Let a(v) = 78*v**2 + 5. Calculate a(2).
317
Let y(u) = -u**2 + 270*u - 16378. Determine y(94).
166
Let w(q) = -144*q**2 - 5757*q + 32380. Give w(5).
-5
Let b(n) = 92*n + 6256. Determine b(-60).
736
Let c(f) = -195*f**3 - 2322*f**2 + 220*f + 54. Determine c(-12).
6
Let y(w) = -13263*w + 13249. What is y(1)?
-14
Let h(f) = -f**2 + 1516*f - 28456. What is h(19)?
-13
Let g(b) = 3*b**3 - 123*b**2 + 850*b - 9. What is g(8)?
455
Let r(n) = n**3 - 10*n**2 + 49*n - 32. Calculate r(6).
118
Let p(n) = -2*n**3 - 29*n**2 + 120*n + 268. Give p(-21).
3481
Let t(q) = -633*q + 39258. Calculate t(62).
12
Let b(l) = -l**3 + 736*l**2 - 129950*l + 887. What is b(442)?
3
Let z(n) = -n**2 - 48069*n - 528672. Calculate z(-11).
-34
Let a(k) = -2*k**3 - 80*k**2 - 65*k - 2137. What is a(-40)?
463
Let p(q) = q**3 - 49*q**2 - 56*q - 218. What is p(50)?
-518
Let q(i) = -2*i**2 - 1662*i + 38268. Give q(23).
-1016
Let i(b) = -5922*b - 284450. What is i(-48)?
-194
Let c(r) = -17507*r + 525200. Give c(30).
-10
Let u(y) = y**3 - 66*y**2 + 357*y - 123. Calculate u(60).
-303
Let c(n) = -315*n - 34704. What is c(-111)?
261
Let f(i) = 2*i**3 - 292*i**2 + 3987*i - 7480. What is f(131)?
-13
Let d(z) = 12*z**2 - 109*z + 26. Determine d(8).
-78
Let q(j) = -3*j**2 + 79*j + 1606. What is q(-14)?
-88
Let y(g) = -25*g**2 + 840*g - 481. Calculate y(33).
14
Let z(u) = -4*u**3 - 12*u**2 - 368*u - 1878. Give z(-5).
162
Let i(z) = 271*z + 32752. Determine i(-120).
232
Let w(x) = -6*x**3 + 3*x**2 + 62*x - 311. Give w(5).
-676
Let m(z) = -36169*z + 687182. Give m(19).
-29
Let c(w) = 8*w**2 + 101692*w - 305144. What is c(3)?
4
Let o(j) = 4309*j - 313166. Calculate o(73).
1391
Let q(c) = -24*c**3 - 506*c**2 - 30*c + 266. What is q(-21)?
14
Let b(h) = -h**3 + 35*h**2 - 398*h + 2229. What is b(21)?
45
Let s(r) = 12*r**2 + 353*r - 10863. Determine s(19).
176
Let o(p) = 69694*p + 766636. What is o(-11)?
2
Let g(d) = -11*d**3 - 37*d**2 - 53*d + 137. What is g(-3)?
260
Let v(t) = 15993*t - 47958. Determine v(3).
21
Let u(l) = 2*l**2 + 227*l - 1509. Calculate u(-119).
-200
Let f(j) = -3*j**3 - 16*j - 57. Give f(-5).
398
Let l(d) = 591*d + 30361. Calculate l(-52).
-371
Let f(s) = 2960*s - 8937. Calculate f(3).
-57
Let l(d) = d**3 - 558*d**2 - 6240*d + 199. What is l(-11)?
-10
Let s(w) = 4*w**2 - 592*w - 20. What is s(148)?
-20
Let d(t) = t**3 - 25*t**2 - 39*t - 3433. Calculate d(30).
-103
Let z(j) = j**3 + 18*j**2 + 483*j + 6577. Give z(-15).
7
Let w(l) = 155*l**2 - 8178*l - 1885. Calculate w(53).
76
Let i(t) = 77*t + 674. Give i(-16).
-558
Let s(u) = u**3 - 30*u**2 - 399*u - 250. Calculate s(41).
1882
Let s(b) = -b**2 + 1969*b + 17816. Determine s(-9).
14
Let w(z) = -1344*z - 6814. Determine w(-5).
-94
Let r(d) = -3*d**3 - 132*d**2 + 1621*d + 72. What is r(-54)?
18
Let m(b) = -4795*b - 41651. Calculate m(-9).
1504
Let l(j) = -270136*j - 32686456. Give l(-121).
0
Let h(s) = 321*s + 22451. Calculate h(-70).
-19
Let m(a) = -15*a**3 + 730*a**2 - 4195*a - 241. Give m(42).
-31
Let v(l) = -l**3 + 56*l**2 - 696*l - 396. Give v(28).
2068
Let h(w) = -31*w**3 + 7376*w**2 + 480*w - 802. What is h(238)?
150
Let v(k) = 2*k**3 + 306*k**2 - 34192*k + 1773. Calculate v(-228).
-51
Let m(f) = 11114*f + 11262. Determine m(-1).
148
Let t(g) = -833*g - 11779. Give t(-12).
-1783
Let c(r) = 20125*r + 100627. Give c(-5).
2
Let b(x) = 2*x**3 - 7169*x**2 + 21486*x + 24. What is b(3)?
15
Let l(c) = 47*c**2 - 567*c - 10257. What is l(22)?
17
Let k(h) = -201*h**2 + 919*h - 15. Calculate k(5).
-445
Let v(o) = -7*o**3 + 156*o**2 + 120*o - 4. Determine v(23).
111
Let v(y) = -2*y**2 + 598*y + 72943. Calculate v(-93).
31
Let x(n) = 3*n**2 + 1367*n - 70994. Determine x(47).
-118
Let g(n) = -20*n**2 + 2383*n + 7537. Determine g(122).
583
Let n(o) = -o**2 + 24*o + 2311. What is n(60)?
151
Let j(f) = -3744*f - 175974. Calculate j(-47).
-6
Let y(j) = 27*j**2 - 7771*j - 9247. Give y(289).
1
Let p(z) = -z**3 - 18*z**2 - 48*z - 276. Calculate p(-8).
-532
Let y(c) = 21728*c + 22379836. Determine y(-1030).
-4
Let q(w) = 3*w**3 - 20*w**2 - 230*w + 2209. Determine q(8).
625
Let n(y) = y**2 + 242*y - 23409. What is n(74)?
-25
Let b(v) = 1149*v + 17254. Give b(-15).
19
Let d(y) = -y**2 + 5208*y - 20799. What is d(4)?
17
Let r(c) = 1044*c**2 - 10386*c + 7. What is r(10)?
547
Let g(z) = -z**3 - 51*z**2 - 183*z - 15327. Give g(-53).
-10
Let h(i) = 118239*i + 236494. What is h(-2)?
16
Let w(c) = c**3 - 65*c**2 - 576*c - 19551. Determine w(76).
209
Let u(w) = 3*w**2 + 2046*w + 20168. Give u(-10).
8
Let a(m) = 299*m**2 + 179*m - 9. Give a(2).
1545
Let n(q) = -22*q**2 + 970*q + 2904. Calculate n(-3).
-204
Let j(t) = 28697*t - 12024052. Determine j(419).
-9
Let y(x) = x**2 + 5969*x + 47685. Give y(-8).
-3
Let r(f) = 34*f**2 - 5470*f - 43816. Determine r(-8).
2120
Let v(q) = 47324*q**2 - 709862*q + 17. Calculate v(15).
-13
Let y(u) = -u**2 - 106*u - 1273. Give y(-66).
1367
Let s(k) = 7*k**2 - 148*k - 1311. Give s(30).
549
Let a(d) = -4525*d - 1140314. Give a(-252).
-14
Let l(p) = -231*p + 976. Give l(11).
-1565
Let s(p) = -p**2 - 439*p + 71077. Calculate s(126).
-113
Let p(u) = 1484*u - 438514. Calculate p(296).
750
Let w(d) = 3*d**3 - 12*d**2 + 543*d - 2120. Calculate w(4).
52
Let u(m) = -m**3 + 53*m**2 - 92*m + 1323. What is u(52)?
-757
Let t(i) = -663*i + 5948. Determine t(9).
-19
Let r(t) = 543*t - 20063. Determine r(37).
28
Let x(o) = -2*o**3 - 379*o**2 - 2027*o - 561. Give x(-184).
-9
Let t(v) = -2*v**3 + 836*v**2 + 177*v - 74004. What is t(418)?
-18
Let m(w) = w**2 - 1430*w - 55779. Determine m(-38).
5
Let c(d) = -d**2 + 15389*d + 1907969. What is c(-123)?
-7
Let l(h) = -4*h**2 + 11631*h - 81217. Determine l(7).
4
Let g(c) = -3717*c + 73914. Determine g(20).
-426
Let n(s) = -135*s**3 + 2*s**2 - 388*s - 1194. What is n(-3)?
3633
Let w(a) = -1063*a**2 + 8248*a + 2035. Give w(8).
-13
Let g(z) = -2*z**2 + 453*z - 14189. What is g(189)?
-14
Let t(y) = 35097*y - 140387. Give t(4).
1
Let k(y) = 13*y**2 - 161*y - 949. Determine k(-6).
485
Let v(x) = 86*x**2 - 17692*x + 12708. Calculate v(205).
-2
Let r(q) = -3*q**3 - 23*q**2 - 157*q - 581. Calculate r(-5).
4
Let w(d) = 2*d**3 + 38*d**2 + 165*d - 190. Give w(-9).
-55
Let i(t) = t**3 - 75*t**2 + 1224*t + 65. Give i(24).
65
Let d(z) = -z**3 - 287*z**2 - 5*z - 928. Determine d(-287).
507
Let t(v) = -1981*v + 988465. Give t(499).
-54
Let r(o) = -5813755*o - 17441267. What is r(-3)?
-2
Let b(n) = 4312*n + 73298. Calculate b(-17).
-6
Let r(d) = 5*d**2 + 127*d + 333. What is r(-3)?
-3
Let p(b) = 2857*b - 50599. Determine p(18).
827
Let m(f) = -50*f**2 + 24*f - 